 a**2 + 14*a + 26. Let r be z(-12). Suppose -2*j + r*h = -1062, -5*h - 1263 = -3*j + 340. What are the prime factors of j?
2, 263
Suppose 0 = -43*x + 149*x - 542550 - 542678. List the prime factors of x.
2, 5119
Let p(c) = c**2 - 47*c + 440. Let y be p(33). Suppose 3*q + 581 = 5*h, 0 = 4*q - 2*q + 4. Let t = y + h. What are the prime factors of t?
3, 31
List the prime factors of (36219/12 - -7)*20 + 6.
11, 5501
Let q be (-4)/2 - 28/(-2). Suppose -22 = -11*i - 66. List the prime factors of 3 + 185 - i*(-3)/q.
11, 17
Let a = 38 - -2. Suppose -9 = -4*i + 5*t + 43, -4*i + 2*t = -a. What are the prime factors of 842/12 - i/48?
2, 5, 7
Let j = 46 - -53. Let u = 581 + -393. Let b = u - j. What are the prime factors of b?
89
Suppose -q - 12 = -5*z, z + 4 = q - 0. List the prime factors of (18/q)/((-9)/(-1392)).
2, 3, 29
Suppose 19*c - 101952 = 7*c. Suppose 12*h - c = -0*h. List the prime factors of h.
2, 3, 59
Let t(j) = -16*j + 4. Let y(i) = -i + 1. Let v be ((-2)/(-3))/(((-110)/75)/11). Let m(n) = v*y(n) + t(n). What are the prime factors of m(-4)?
43
Let w(h) = h**3 + 16*h**2 + 12*h - 46. Let l be w(-15). Let u(s) = -372*s**3 + 2*s**2 + 2*s + 1. What are the prime factors of u(l)?
373
Let k(h) = -h**3 - 3*h**2 - 2*h + 23. Let r be k(-5). Suppose 0 = 3*n - 2*n + 5*t - r, 161 = 2*n + 5*t. Suppose n = q - 0*q. List the prime factors of q.
2, 3, 13
What are the prime factors of 3 + (13 + -5 - 5) - (-1 + -25103)?
2, 3, 5, 31
Suppose 3544640 = 51*q + 7*q + 18*q. What are the prime factors of q?
2, 5, 11, 53
Suppose 5*k + 5*x - 11125 = 0, -203*k + 208*k = 3*x + 11157. List the prime factors of k.
3, 743
Suppose 79*j - 261565 = 194581. List the prime factors of j.
2, 2887
Let l = 215 + -612. Let i be (l/2)/((-4)/8). Let f = i + -246. What are the prime factors of f?
151
List the prime factors of (-3 + 22321/(-17))*(-14 + (-2)/1).
2, 7, 47
Let y = -20 - -22. Suppose 2*z + 6 = -3*z + y*l, 2*z = 4*l + 4. Let w = 21 - z. What are the prime factors of w?
23
Suppose -s = 2*w - 33 - 10, 4*w - 2*s = 66. Let o(p) = 6*p + 50. What are the prime factors of o(w)?
2, 41
Let a = -6576 - -8257. What are the prime factors of a?
41
Suppose -3*u + u = -p, 0 = -5*p + 2*u + 40. Suppose p*r - 657 = 173. Let w = r - 16. List the prime factors of w.
67
Suppose 3*y + 2*g = 129489, -g + 259032 = 6*y - 6*g. What are the prime factors of y?
3, 14389
Let s(g) = -g**3 + 18*g**2 + 20*g - 19. Let d be s(19). Suppose d = -4*l - 5*q + 1427, 5*q = 2*l - 337 - 414. List the prime factors of l.
3, 11
Suppose -12 = -2*y, 14*y - 26238 = -2*z + 9*y. What are the prime factors of z?
2, 3, 7, 13
Suppose 2284*m = 2259*m + 620525. What are the prime factors of m?
24821
Suppose 45*y - 122*y + 717948 = 0. What are the prime factors of y?
2, 3, 7, 37
What are the prime factors of ((-3 - -1907) + -2)/(-9*(-42)/7749)?
3, 41, 317
Suppose 3*p = -z + 14, 2*p - 1 = 7. Suppose -3*w = z*l + 3*l, 4*l = 0. Suppose 3*o - 13 - 194 = w. List the prime factors of o.
3, 23
Let i(f) = 34*f**2 + 23*f - 84. Let g be i(7). Suppose 2*y = -5*v + g, -2*v + 832 + 37 = y. What are the prime factors of y?
859
List the prime factors of (-708268)/(-20) + (1 - (-1 - 96/(-40))).
7, 5059
Let p(y) = 16*y + 2. Let v be p(3). Let c be (-35)/(-1) + 2 + -1. Let i = c + v. What are the prime factors of i?
2, 43
Let l(g) = -33*g**3 + g**2 + g + 1. Let v(q) = 67*q**3 - 3*q**2 - 3*q - 2. Let x(m) = 7*l(m) + 3*v(m). What are the prime factors of x(-1)?
31
Let y(f) = 4*f + 39. Let h be y(-8). Suppose 956 + 38 = h*t. List the prime factors of t.
2, 71
Let y(l) = -14*l + 8. Let m(b) = 3*b + 24. Let h be m(-6). Suppose -d = 5*s + 26, -5*d - 3*s + h = -8*d. What are the prime factors of y(d)?
2, 23
Let o = -4425 + 10485. List the prime factors of o.
2, 3, 5, 101
Let f = 886 - 877. Suppose f*c + 36*c = 62055. List the prime factors of c.
7, 197
Let f be -1*6 - 373736/(-88). Suppose 0*t = -4*t - 5*z + f, -3 = -3*z. List the prime factors of t.
3, 353
Let r = -1 - 9. Let p(c) = -33*c + 82. List the prime factors of p(r).
2, 103
Let m(l) = l**2 + 3*l + 2. Let b be m(-2). Let t = -29 - -210. Suppose b = 3*x + 3*z - 285, 4*x - t = 2*x + z. What are the prime factors of x?
2, 23
Let i(c) = -2*c - c + c**2 - 21*c**3 + 24*c**3 + 8 + 0. What are the prime factors of i(5)?
3, 131
Let q = 44 + 58. Let x = q - -291. What are the prime factors of x?
3, 131
Suppose -6*k = -k - 2*y - 72, -3*k + 45 = -3*y. Let l(n) = 2*n + 2. Let w be l(4). Suppose k*g - 148 = w*g. List the prime factors of g.
37
Let z(j) = -12*j + 22. Let o be z(-13). Suppose m = -11*v + 8*v - o, 0 = v. Let n = 18 - m. List the prime factors of n.
2, 7
Suppose c = 2*c + 2*s - 4, 0 = -4*c + 3*s + 27. Let z be (-12194)/(-35) + (-4)/10. Suppose -c*o - z = -9*o. List the prime factors of o.
2, 29
Let t be ((2 - -318) + 2)*4/8. Let v = -21 + 23. Suppose v*u - t - 263 = 0. What are the prime factors of u?
2, 53
Let p(q) = q**3 + 36*q**2 + 27*q + 185. List the prime factors of p(-27).
11, 547
Suppose 133*s - 3*b + 6 = 130*s, 1 = 4*s + 5*b. Let a(o) = 647*o**2 - o. What are the prime factors of a(s)?
2, 3
Suppose 3*t + 5*b + 10 = -t, -4 = 2*b. Suppose 0 = -5*l + 2*l, t = 3*a - 5*l - 579. What are the prime factors of a?
193
Let b(h) = -h - 1. Let r be b(-5). Suppose 0 = 29*p - 791 - 485. Suppose -16 = -r*n + p. List the prime factors of n.
3, 5
Let a(c) be the third derivative of -91*c**4/24 - 4*c**3/3 - 2*c**2. Let u be -8 - (1*-1 - (-44 - -49)). What are the prime factors of a(u)?
2, 3, 29
Let f(x) = -35*x + 7. Let p be f(0). Suppose -v + 410 = -3*h, 3*h - 2072 = -5*v + p*h. What are the prime factors of v?
2, 13
Suppose 154 = 7*t + 35. Suppose t*r - 10980 = 5*r. List the prime factors of (5 - r/20)/(1/(-4)).
163
Let u(x) = -2*x + 0*x + 2*x - 2 + 5*x**2 - x. Let h be u(-1). Suppose 0 = h*c + 4*c - 928. List the prime factors of c.
2, 29
Let m = -63 - -271. Suppose -m = -3*d + 2*d. What are the prime factors of (-2)/(((-28)/d)/7)?
2, 13
Suppose 2*x - 48 = 3*w, 0 = 5*x + w + 27 - 164. List the prime factors of (-12)/x + (-49)/(-9).
5
Let j be 5*(-2 + 1 + 0) - -839. Suppose 0 = -3*d + 5*x + j, 4*x - 6*x = d - 278. What are the prime factors of d?
2, 139
Suppose 575*z = 521*z + 179766. What are the prime factors of z?
3329
Let r(w) = 11508*w**3 - 11*w**2 - 4*w + 16. List the prime factors of r(1).
17, 677
Let y = -292 + 156. List the prime factors of y/((-1)/((-28)/(-8) - 0)).
2, 7, 17
Suppose 10 + 192 = g. Suppose l + l + g = 0. Let r = -45 - l. List the prime factors of r.
2, 7
Let t = 102793 + -65750. What are the prime factors of t?
17, 2179
Suppose 50*t - 608760 = 30*t. What are the prime factors of t?
2, 3, 19, 89
Let b = -8380 - -8376. Let o(a) = a**2 - 4*a**2 + 5*a**2 + 7*a. List the prime factors of o(b).
2
Let y(v) = 3343*v - 351. What are the prime factors of y(1)?
2, 11, 17
Suppose 5*m - 197 - 383 = -5*a, 0 = 4*a + 5*m - 465. Suppose 4*g - a = 65. Suppose -13*t - g = -16*t. List the prime factors of t.
3, 5
Suppose 36 = -2*c + 11*c. Let q be c/((-16)/(-2139)) + 2/8. Suppose 0*a = 5*a - q. List the prime factors of a.
107
Let r = -3056 + 5310. Let o = r + -1369. List the prime factors of o.
3, 5, 59
Let p(t) be the third derivative of -t**5/20 + t**4/8 + 4*t**3/3 - 26*t**2. Let f be p(4). Let d = 40 + f. What are the prime factors of d?
2, 3
Let q = 16933 + -8084. List the prime factors of q.
8849
Let r(h) = -2759*h - 4221. What are the prime factors of r(-9)?
2, 3, 5, 229
Let b = 22 - 11. Let l = -70 - -112. Suppose w - b = l. What are the prime factors of w?
53
Suppose 2*v - 116308 = -3*j, 17423 = v - 5*j - 40770. List the prime factors of v.
7, 1187
Let g(k) = -k**3 - 88*k**2 + 62*k + 393. What are the prime factors of g(-89)?
2, 3, 233
Suppose -46*i = -41*i - 4*g + 1118, g - 668 = 3*i. Let v = -212 - i. What are the prime factors of v?
2, 5
Let o be 22/26 - 2/(-13). Let n be o + 4/(-6) + 1/(-3). Suppose 3*r - 282 + 96 = n. What are the prime factors of r?
2, 31
Let h = 2079 + -1034. Let j = -617 + h. What are the prime factors of j?
2, 107
Suppose 3267626 = 115*c - 42*c. List the prime factors of c.
2, 22381
Let l = -47 - -47. Suppose -t + c + 415 = l, 5*c - 1555 = -5*t + 530. Suppose 0 = 2*y - 6*y + t. List the prime factors of y.
2, 13
Let f(y) be the second derivative of 41*y**3/3 